 + 2/o. What is the units digit of s/14 - (-351)/91?
4
Suppose 3*i = 4*d - 5158, -2*d + 5*i + 2572 = -0*d. What is the hundreds digit of d?
2
Let q be (6/(-4))/(27/90). Suppose 3*o + 9 = 0, -2*x + 3*o + 24 = -3*x. What is the units digit of 8/3 + q/x?
3
Suppose 0 = 3*q - 2*f + f - 3523, -4*q + 4680 = 3*f. What is the tens digit of q?
7
Let c be 168/16*4/7. Suppose 264 = c*j - 348. What is the tens digit of j?
0
Suppose -q + 1 = 0, -855 = -4*t + 3*q - 282. Suppose o - t = 179. What is the units digit of o?
3
Let i = -21 - -25. Let n(u) = 3 - 27*u + 85*u - i. What is the units digit of n(1)?
7
Let s = -28 + 31. What is the tens digit of (-1 - 0 - s) + 43?
3
Let l(y) = 3 + 2*y**2 + 12*y**2 - 3*y**3 - 3*y**2 + 2*y**3. Let x be l(11). Suppose 0*v + 16 = x*v + p, -5*p - 18 = v. What is the units digit of v?
7
Let y = -52 - -55. Suppose 0 = -2*a - y*b + 30, a - 2*b = -0*a + 8. What is the tens digit of a?
1
Suppose -4*h + 5*x = -180, -142 = -3*h + 3*x - x. What is the units digit of h?
0
Let v(w) = w**3 + 43*w**2 - 48*w - 102. What is the units digit of v(-44)?
4
Let i(x) be the first derivative of -7*x**2 - 17*x + 1/3*x**3 + 8. What is the tens digit of i(17)?
3
Let p = 6 + -3. Suppose -12 = 8*y - 140. What is the tens digit of y - (p - 8/2)?
1
Suppose 10*v - 14*v = -64. Let x = v - 11. Suppose 5*q = -5, 4*q = -x*y - 0*q + 116. What is the units digit of y?
4
Suppose 0*v - h + 105 = v, 2 = 2*h. What is the units digit of (-772)/2*(-7 - v/(-16))?
3
Let q = 79 + -33. Let o = q + -16. What is the units digit of (-50)/(-1)*12/o?
0
Suppose -3*z = 5*v - 9423, 74*v - 79*v + 3*z = -9417. What is the hundreds digit of v?
8
Let s(b) = 10*b - 2*b**2 - 6*b - 3 + b**3 - 2*b**2. Let v be s(3). Suppose v = 3*u - 4*u + 10. What is the tens digit of u?
1
Let y(v) be the third derivative of 0*v + 1/8*v**4 - 13/3*v**3 + 0 + 9*v**2. What is the units digit of y(11)?
7
Suppose 51*c - 18779 = 448. What is the tens digit of c?
7
Suppose -19 + 20 = s. Suppose 0 = -7*b + 4*b - 12. What is the tens digit of s - 28/(b/4)?
2
Let i(s) = s**3 - 30*s**2 + 30*s - 35. Let b be i(29). Let g(u) = -2*u**3 - 7*u**2 + u + 15. What is the units digit of g(b)?
9
Let u = 5 - 3. Let d(z) = z**3 - 10*z**2 - 10*z - 7. Let l be d(11). Suppose 2*k + 22 = l*j, -4*j - k = -u*k - 17. What is the units digit of j?
3
Suppose 0 = 5*u + 21*u - 15210. What is the tens digit of u?
8
Suppose 5*u + 4728 = 3*q - 4296, -2*q + 4*u + 6018 = 0. What is the hundreds digit of q?
0
Let q be 11*1/3 + 8/24. What is the tens digit of 0/q + (-2)/2*-89?
8
Let p(z) = 19*z + 7. Let a be p(5). Suppose 3*d - 3*m = -222, -3*d - 3*m = -81 + 297. Let l = d + a. What is the tens digit of l?
2
Let x be 1407/42*6*1. Suppose 3*y = -0 + x. What is the tens digit of y?
6
Let z(q) = 37*q**2 + 31*q - 95. What is the units digit of z(3)?
1
Suppose 5*m + 5*k - 3 = m, -4*m + 9 = -k. Let y(t) = 57*t - 2. What is the units digit of y(m)?
2
Let s(n) = n**2 - 2*n + 1. Let m be s(3). What is the tens digit of m/38 + (-1062)/(-19)?
5
Let f(r) = 3*r**2 - 8 - 2*r**2 + 35*r - 37*r. What is the units digit of f(6)?
6
Let b = 1237 - 338. What is the tens digit of b?
9
Suppose 5*c - 3824 = -4*n + 8*n, -3*n + 761 = c. What is the units digit of c?
4
Suppose 798 = c + c. Suppose j = 2*u - c, -204 = -u - 0*u - 4*j. Suppose -u = 5*o - 10*o. What is the units digit of o?
0
Suppose 17*w - 22*w = -140. Let r = 63 - w. What is the tens digit of r?
3
Let k = 373 + -243. What is the hundreds digit of k?
1
What is the units digit of 48/60*5/(-2) - -2309?
7
What is the hundreds digit of (-159)/((81/225)/(-9))?
9
Let p = 2810 + -1111. What is the thousands digit of p?
1
Let i be 4/(-18) + 140/(-18). Let s be (-5 - 0)/(i + 7). Let l(f) = -f**2 + 5*f + 11. What is the units digit of l(s)?
1
Let z = 0 - -2. Suppose 8 = z*k - 2*g, -5*g + 5 = 3*k - 7. Suppose -k*i - i = -120. What is the tens digit of i?
2
Let k be (-6)/(-2) + (126 - 3). Suppose 30 - k = 4*m. What is the units digit of 280/(-16)*m/14?
0
Let d(l) = l**2 + 1 + 64*l + l**3 - 64*l. Let n be d(2). What is the tens digit of 453/n + 14/91?
3
Let a = 17 - 12. Suppose 0*h + 2*h - a*j = 90, 5*j = -5*h + 155. What is the units digit of h?
5
Suppose 58 = g - j - 20, 3*j + 72 = g. What is the tens digit of g?
8
Suppose y + 1 = 4. Suppose 8 = -q + 5*q + 4*b, y*q + b = 0. What is the units digit of 4 - (1 - q) - 1?
1
Let h(r) = r**3 + 7*r**2 - 28*r - 104. What is the tens digit of h(11)?
6
Suppose -9*g + 11*g + 3*p = 4261, 0 = 5*g + 3*p - 10648. What is the thousands digit of g?
2
Let z(n) = 101*n**2 + 25*n - 8. What is the hundreds digit of z(-8)?
2
Suppose -h = 3*m + 7 - 0, -11 = -2*h - m. Suppose 3*j - h*j = -145. What is the units digit of j?
9
Let j(v) = 3*v**3 - 4*v**2 - 5*v + 2. What is the tens digit of j(5)?
5
What is the thousands digit of (-1744960)/(-630) + (-2)/(-9)?
2
Suppose 0 = -o + 5*h - 22, 0*o - 3*o - 18 = -3*h. Let n be o*(-15)/4*-8. Let z = 96 + n. What is the units digit of z?
6
Let x(k) = k**2 + 3*k - 10. Let o be (-42)/((4 + -6)*1). Suppose -16*q + o = -19*q. What is the tens digit of x(q)?
1
Let b(a) = 7*a - 3. Let n(c) = -c + 1. Suppose -2 = -3*o + 16. Let k(m) = o*n(m) + b(m). What is the units digit of k(0)?
3
Let i = 22 + -16. Suppose -363 = -i*b - 3. What is the tens digit of b?
6
Let p be 20*(0 + (-1)/(-2)). Suppose -4*f - 3*h - 41 = 0, -2*f + 0*h - p = -2*h. Let q = 27 + f. What is the tens digit of q?
1
Let w(l) be the third derivative of -3*l**4/4 + 5*l**3/6 - 23*l**2. What is the hundreds digit of w(-9)?
1
Let k(y) be the third derivative of -y**6/120 + y**5/60 + y**3/3 + 3*y**2. Let c be k(2). What is the tens digit of (c - -5) + 11 + 2?
1
Let n(t) = -t - 5. Let p be n(-5). Suppose -8*g + 497 - 137 = p. What is the tens digit of g?
4
Let f(d) = 5 + 4*d - 35*d**2 + 34*d**2 + 3*d. Let z be f(-6). What is the tens digit of z*((-8)/(-4))/(-2)?
7
Let v = -20 - -46. Suppose -v*f - 154 = -28*f. What is the units digit of f?
7
Suppose 5*z - 1200 = 3*y - 8*y, z - y = 230. What is the hundreds digit of z?
2
Suppose 27*j - 25*j = 4. Suppose -6*d = -j*d - 588. What is the hundreds digit of d?
1
Suppose 0*p + 39 = 4*p + 5*z, -28 = -3*p - 4*z. Suppose p*k = 8*k + 1120. What is the tens digit of k?
4
Let y(c) = -2*c**2 + 127*c + 73. What is the hundreds digit of y(49)?
4
Suppose 0 = -7*j + 5 + 9. Suppose j*i = -3*k + 89 + 25, 0 = -3*k - 5*i + 105. What is the units digit of k?
0
Let j(x) = 186*x**2 - x**3 - 156*x**2 - 29*x + 6*x. What is the tens digit of j(29)?
7
Let z(q) = 6*q**2 + 20*q - 16. What is the tens digit of z(-15)?
3
What is the tens digit of (459 - 2)/(36/144)?
2
Let n = 0 + 5. Let t(i) = i**2 - 6*i + 6. What is the units digit of t(n)?
1
Suppose 5*p - 2*b + 7 + 15 = 0, 4*b = 4*p + 8. Let y(q) = 5*q**2 + q - 12. Let x be y(p). What is the tens digit of x/4 - 3/6?
4
Suppose -89*l + 92*l - 741 = 0. What is the units digit of l?
7
Suppose 6345 = 7*n + 2*n. What is the units digit of n?
5
Let q(v) = v - 1. Let y(w) = 29*w - 39. Let o(h) = -3*q(h) + y(h). What is the tens digit of o(6)?
2
Suppose 3*t - z = 31 - 3, -z + 27 = 2*t. Suppose 0 = -t*r + 15*r - 120. What is the tens digit of r?
3
Let g(z) = -z**2 - 7*z - 3. Let c be g(-6). Let y(r) = -5 - c*r + 0*r + 2 - 4*r. What is the tens digit of y(-2)?
1
Suppose 99*s - 107*s = -592. What is the tens digit of s?
7
Suppose -14287 = -14*h + 3479. What is the hundreds digit of h?
2
Let g(i) = -i**3 + 13*i**2 + 4*i - 10. Let p be g(13). Suppose 0 = 2*u + 3*d - 76, -p + 9 = -u + d. Let y = u + -10. What is the tens digit of y?
2
Let m be 1/(-4)*0/(-5). Suppose 4*s + 2*c + 416 = 80, m = 4*s - 2*c + 336. Let r = -40 - s. What is the units digit of r?
4
Let n(q) = 4*q**2 - 4*q - 1. Suppose 0 = -4*u + 7 + 17. Let k = u + -3. What is the units digit of n(k)?
3
Let u(p) = -p**3 - 7*p**2 - 8*p + 3. Let d be u(-9). Suppose -d = -2*w - 1. What is the hundreds digit of w?
1
Let h be (-32)/(-10) + (-4)/20. Let t be 3*(h - (-284)/12). Let r = t + -33. What is the tens digit of r?
4
Suppose -134*w = -140*w + 102. What is the tens digit of w?
1
Let x be 48/(-40)*(-10)/3. Suppose x*h - 488 + 168 = 0. Suppose -h = -5*y + 75. What is the tens digit of y?
3
Let o(x) = x**2 - 3*x - 6. Let c be o(5). Suppose 2*f - c*w - 245 = -3*w, -4*f + 484 = 4*w. What 